ded by 18.
8
What is the remainder when 5593 is divided by 68?
17
Calculate the remainder when 3709 is divided by 78.
43
Calculate the remainder when 503 is divided by 93.
38
What is the remainder when 5807 is divided by 152?
31
What is the remainder when 299893 is divided by 221?
217
Calculate the remainder when 10270 is divided by 1270.
110
Calculate the remainder when 148187 is divided by 190.
177
What is the remainder when 91535 is divided by 30481?
92
What is the remainder when 22739 is divided by 7?
3
Calculate the remainder when 851100 is divided by 851098.
2
Calculate the remainder when 743 is divided by 111.
77
What is the remainder when 2592 is divided by 214?
24
Calculate the remainder when 1978 is divided by 1097.
881
What is the remainder when 56468 is divided by 18822?
2
What is the remainder when 14383 is divided by 799?
1
What is the remainder when 4375 is divided by 686?
259
Calculate the remainder when 2572257 is divided by 60.
57
What is the remainder when 67184 is divided by 148?
140
Calculate the remainder when 1837 is divided by 139.
30
Calculate the remainder when 6688 is divided by 9.
1
What is the remainder when 128974 is divided by 178?
102
What is the remainder when 7252 is divided by 183?
115
What is the remainder when 121191 is divided by 386?
373
Calculate the remainder when 14163 is divided by 1019.
916
Calculate the remainder when 22526 is divided by 874.
676
Calculate the remainder when 15455 is divided by 15364.
91
Calculate the remainder when 374929 is divided by 678.
673
What is the remainder when 29849 is divided by 14907?
35
Calculate the remainder when 48315 is divided by 94.
93
Calculate the remainder when 97412 is divided by 792.
788
Calculate the remainder when 26376 is divided by 3278.
152
Calculate the remainder when 166629 is divided by 2.
1
What is the remainder when 1775 is divided by 704?
367
What is the remainder when 28750 is divided by 45?
40
Calculate the remainder when 1339095 is divided by 78770.
5
Calculate the remainder when 907 is divided by 195.
127
What is the remainder when 462671 is divided by 243?
242
What is the remainder when 53274 is divided by 76?
74
Calculate the remainder when 43026 is divided by 7170.
6
Calculate the remainder when 351231 is divided by 23.
21
Calculate the remainder when 880 is divided by 224.
208
What is the remainder when 156275 is divided by 44?
31
What is the remainder when 11186 is divided by 374?
340
Calculate the remainder when 7565 is divided by 237.
218
Calculate the remainder when 95061 is divided by 2.
1
Calculate the remainder when 162944 is divided by 9.
8
What is the remainder when 19581 is divided by 1300?
81
What is the remainder when 80288 is divided by 33?
32
What is the remainder when 11681 is divided by 49?
19
Calculate the remainder when 85084 is divided by 16980.
184
What is the remainder when 13784 is divided by 2591?
829
What is the remainder when 18352 is divided by 5409?
2125
Calculate the remainder when 390094 is divided by 129.
127
What is the remainder when 643243 is divided by 185?
183
Calculate the remainder when 68393 is divided by 78.
65
Calculate the remainder when 167503 is divided by 551.
550
What is the remainder when 58828 is divided by 11762?
18
What is the remainder when 54401 is divided by 469?
466
What is the remainder when 491 is divided by 141?
68
Calculate the remainder when 10009 is divided by 3318.
55
Calculate the remainder when 7393 is divided by 1229.
19
Calculate the remainder when 48703 is divided by 112.
95
What is the remainder when 2860 is divided by 346?
92
Calculate the remainder when 4248 is divided by 21.
6
Calculate the remainder when 459 is divided by 143.
30
Calculate the remainder when 4641 is divided by 2312.
17
What is the remainder when 255157 is divided by 12?
1
Calculate the remainder when 1805 is divided by 428.
93
Calculate the remainder when 1080 is divided by 447.
186
Calculate the remainder when 12393 is divided by 188.
173
Calculate the remainder when 59249 is divided by 106.
101
What is the remainder when 1328 is divided by 12?
8
What is the remainder when 500665 is divided by 13531?
18
What is the remainder when 724 is divided by 13?
9
Calculate the remainder when 2438 is divided by 346.
16
Calculate the remainder when 38189 is divided by 29.
25
Calculate the remainder when 3957 is divided by 1739.
479
Calculate the remainder when 5709 is divided by 4.
1
What is the remainder when 930785 is divided by 930781?
4
What is the remainder when 165244 is divided by 301?
296
Calculate the remainder when 52907 is divided by 13.
10
Calculate the remainder when 1079735 is divided by 104.
7
What is the remainder when 760412 is divided by 24?
20
Calculate the remainder when 8163 is divided by 1628.
23
Calculate the remainder when 7166 is divided by 41.
32
What is the remainder when 38240 is divided by 6367?
38
Calculate the remainder when 138684 is divided by 371.
301
What is the remainder when 65839 is divided by 32916?
7
What is the remainder when 74218 is divided by 5708?
14
What is the remainder when 1398180 is divided by 43693?
4
Calculate the remainder when 292004 is divided by 4949.
13
Calculate the remainder when 44306 is divided by 14.
10
What is the remainder when 14753 is divided by 14732?
21
What is the remainder when 2364538 is divided by 10?
8
What is the remainder when 833 is divided by 382?
69
What is the remainder when 9917 is divided by 764?
749
What is the remainder when 287136 is divided by 7362?
18
Calculate the remainder when 77985 is divided by 18.
9
Calculate the remainder when 1976 is divided by 104.
0
What is the remainder when 17081 is divided by 3400?
81
Calculate the remainder when 2976 is divided by 34.
18
Calculate the remainder when 121938 is divided by 1232.
1202
What is the remainder when 6458577 is divided by 106?
103
Calculate the remainder when 58696 is divided by 29312.
72
What is the remainder when 207 is divided by 104?
103
Calculate the remainder when 69186 is divided by 612.
30
What is the remainder when 34737 is divided by 655?
22
What is the remainder when 16265 is divided by 36?
29
What is the remainder when 123384 is divided by 30838?
32
What is the remainder when 9755 is divided by 9596?
159
What is the remainder when 1534 is divided by 535?
464
What is the remainder when 57888 is divided by 69?
66
Calculate the remainder when 11848 is divided by 11336.
512
What is the remainder when 1130 is divided by 102?
8
What is the remainder when 1055 is divided by 1046?
9
Calculate the remainder when 777825 is divided by 1108.
9
Calculate the remainder when 488539 is divided by 66.
7
What is the remainder when 295307 is divided by 295268?
39
Calculate the remainder when 37114 is divided by 59.
3
What is the remainder when 2272 is divided by 1123?
26
Calculate the remainder when 1139 is divided by 391.
357
What is the remainder when 80 is divided by 74?
6
Calculate the remainder when 17477 is divided by 22.
9
Calculate the remainder when 106050 is divided by 106043.
7
What is the remainder when 122793 is divided by 59?
14
What is the remainder when 963586 is divided by 577?
573
What is the remainder when 1082591 is divided by 360863?
2
What is the remainder when 2169896 is divided by 471?
470
What is the remainder when 49499 is divided by 159?
50
Calculate the remainder when 1362731 is divided by 11.
7
Calculate the remainder when 649 is divided by 297.
55
What is the remainder when 2047 is divided by 291?
10
What is the remainder when 264868 is divided by 6?
4
What is the remainder when 25883 is divided by 462?
11
What is the remainder when 59734 is divided by 47?
44
Calculate the remainder when 11793 is divided by 1815.
903
Calculate the remainder when 4978 is divided by 4965.
13
What is the remainder when 9206 is divided by 382?
38
Calculate the remainder when 4888 is divided by 835.
713
What is the remainder when 4459 is divided by 4026?
433
Calculate the remainder when 148106 is divided by 3291.
11
Calculate the remainder when 2291 is divided by 135.
131
What is the remainder when 11203 is divided by 149?
28
What is the remainder when 73839 is divided by 259?
24
What is the remainder when 918 is divided by 350?
218
Calculate the remainder when 928853 i